 4 = 0, 0 = 5*z - 10. Suppose 4*u = -0*t + 3*t - m, 4*t + 2 = -2*u. Calculate j(t).
3
Suppose 2*b - 7*b + 10 = 0. Suppose -3*n + 2 = -2*n. Let d(p) = -n*p + 6*p + 0 - 1 - 1. What is d(b)?
6
Let l(d) be the second derivative of -d**3/6 - 5*d**2/2 - 8*d. Calculate l(4).
-9
Let a(t) = t**3 + 6*t**2 - 6*t + 9. Let o(f) = f**3 + 7*f**2 - 7*f + 10. Let h(x) = -7*a(x) + 6*o(x). Let c = -1 - -1. Calculate h(c).
-3
Suppose -c + 2 + 12 = 0. Suppose -5*w + c - 39 = 0. Let a(y) be the second derivative of y**3/6 + 6*y**2 + 3*y. What is a(w)?
7
Let l be (-24)/(-8 + 4) + -4. Let m be -1 + (3 - 1)/2. Suppose -3*u + 8 - 2 = -3*s, l*s + 4*u - 2 = m. Let i(t) = -t**3 - 2*t**2. What is i(s)?
-1
Let m(j) = j - 5. Let h(r) = r - 5. Let x(k) = 2*h(k) - 3*m(k). Let o = -6 - -21. Let d = -11 + o. Calculate x(d).
1
Let s = 35 + -25. Let n be 3/(s/4 + -1). Let b(f) = -6*f + 3*f + n*f - 5. Determine b(-4).
-1
Let w(j) = -6*j + 3*j**2 - 2*j**2 + 3*j. Suppose 3*z - 2*k = -37, 40 = -4*z - 4*k + 4. Let u = 15 + z. Calculate w(u).
4
Let i be ((-8)/10)/((-14)/(-35)). Let f be 33/7 + (-6)/(-21). Let q(v) = -v**2 + 3*v + 1. Let r(k) = -k**2 + 6*k + 2. Let l(o) = f*q(o) - 3*r(o). Give l(i).
-3
Suppose 2*t + 8 + 2 = 0. Let g(n) = n**3 + n**2. Let p(c) = 0 + 2*c**2 + 7 + 3*c**2 + 6*c. Let w(a) = -g(a) - p(a). What is w(t)?
-2
Let z(r) be the first derivative of r**4/4 + 8*r**3/3 + 5*r**2 + 4*r + 3. Calculate z(-7).
-17
Suppose 2*i - 4 + 1 = 3*a, 5*a = -2*i + 27. Let r(n) = -2*n + 6. Determine r(i).
-6
Suppose 0 = t + h + 1, -3*t + 3*h = -36 + 9. Let q(f) = 3*f + 6 - t*f - 3 + f**2 + 3*f. Give q(-4).
11
Let v(b) = -b**2 + 6*b - 5. Let o = 7 + -2. Let s(u) = u**3 - 4*u**2 - 4*u + 1. Let f be s(o). Let c = -2 + f. Calculate v(c).
3
Let u(x) = -4*x**3 - 15 + 17 + 3*x**3 - 3*x + 3*x**2 + 0*x. Determine u(2).
0
Let p(v) = v - 3. Let o(d) = -d**3 - 2*d**2 + 2*d + 2. Suppose -w + 0*w = 3. Let u be o(w). Determine p(u).
2
Let h(o) be the first derivative of -o**4/4 - o**3 + 3*o**2/2 - 5*o + 5. Determine h(-4).
-1
Let b be (18/4)/(33/(-44)). Let o(u) = u**3 + 5*u**2 - 5*u + 5. Calculate o(b).
-1
Let w be (-3)/(-6)*-1*(-6)/3. Let u(n) = -7*n - 1. Determine u(w).
-8
Let i(u) be the first derivative of -u**2/2 + 4*u - 1. Let q be ((-3)/(-2))/(-1) + 459/102. Give i(q).
1
Suppose -57 = 3*n - 48. Let u(x) = 3*x - 3 - 2*x - 3*x**2 + 0*x**2 - x**3. Determine u(n).
-6
Let y(i) = i - 4. Let x be y(5). Let k(c) = -2*c**2 + 4*c + 5*c**2 - 3*c. Let t be k(x). Let m(u) = -u**3 + 3*u**2 + 2*u + 3. Calculate m(t).
-5
Let r be 2*-6*15/(-6). Suppose r = -3*z - 3*z. Let v(o) = o + 3. What is v(z)?
-2
Let b(w) = w**3 + 4*w**2 - 6*w. Let h(n) = -n**2 - 2*n - 2. Let j be h(-2). Let q be -3 - 1/j*-4. Calculate b(q).
5
Let t(y) = -y - 6. Let n(v) be the third derivative of v**5/60 + v**4/3 - 2*v**3/3 + 6*v**2. Let m be n(-8). Give t(m).
-2
Suppose 7*n + 6 = 20. Let k(b) be the first derivative of 1 - b**2 + 1/4*b**4 - 2/3*b**3 + 2*b. Determine k(n).
-2
Let x be -3 + (11 - 0) - 2. Let j(q) = q - 1. Calculate j(x).
5
Let x(o) = -3*o**3 + o**2 + 3*o - 1. Let a = -5 + 7. Determine x(a).
-15
Let b(k) = -3*k**3 - 3*k**2 + 3*k + 4. Let v(s) = s**3 - s**2 - s. Let g(l) = -b(l) - 2*v(l). Let t(p) = -2*p + 3. Let h be t(4). Determine g(h).
1
Let z(p) be the first derivative of -3 + 1/6*p**4 + 0*p**2 + 3*p + 1/3*p**3. Let t(l) be the first derivative of z(l). Calculate t(-2).
4
Let u(r) = 2*r**3 - 15*r**2 + 13*r - 13. Let z(j) be the first derivative of j**4/4 - 7*j**3/3 + 3*j**2 - 6*j - 4. Let c(i) = -4*u(i) + 9*z(i). What is c(2)?
-2
Let a(v) = 2*v + 1. Let u(r) be the first derivative of -r**4/4 - 3*r - 3. Let l = -1 - -1. Let p be u(l). Determine a(p).
-5
Let f(i) be the second derivative of i**8/6720 - i**7/630 + i**6/360 - i**5/120 + i**4/4 + i. Let s(y) be the third derivative of f(y). Calculate s(3).
-4
Let c(f) = -f + 16. Let r(d) = 2*d**2 - 34*d + 10. Let l be r(17). Calculate c(l).
6
Let v(b) = -b - 1. Suppose -4*t = -2*t + 10. Let g be (-2)/t*25/5. Suppose 5*j = -5*n + 30, n - j + 10 = g*j. Calculate v(n).
-3
Suppose 2*f - 12 = -2*t + 2, t - 4 = 0. Let w(d) = -4*d**3 - 6*d**2 - 3 + 4 - 7 + f*d**3 - 5*d. Calculate w(-5).
-6
Let o(s) = s - 1. Let v(y) = 6*y - 2. Let g(h) = 3*o(h) - v(h). Let r(z) = 9*z + 3. Let a(w) = 7*g(w) + 2*r(w). Let m = 14 + -13. What is a(m)?
-4
Suppose 8 = -4*f + 5*q + 64, 0 = -5*q. Let s be (-8)/12 + f/3. Let z(o) = -5*o**2 + 5 + 4*o - s - 10*o + 6*o**2. Determine z(6).
1
Let p(n) be the second derivative of n**5/20 - n**4/12 - n**3/6 - 3*n**2/2 + n. Let m be p(0). Let t(q) = 2*q - 10*q + 3 + 3*q + 4*q. Determine t(m).
6
Let m(j) be the third derivative of 2*j**2 + j**3 - 1/24*j**4 + 0*j + 0. Determine m(0).
6
Suppose -3*h - 1 = -10. Let s(l) = l. What is s(h)?
3
Let z(k) be the first derivative of k**2 - 6*k + 3. Determine z(4).
2
Let y(q) = 4*q**2 - q**3 + 3*q**3 - q**3 + 2 - 3*q. What is y(-4)?
14
Let x(c) = -c**2 + 2*c. Let z be x(1). Let h be 1/(z/(-1)) - -2. Let o(v) = 6*v**2 + 10. Let q(b) = -2*b**2 - 3. Let g(a) = -2*o(a) - 7*q(a). Determine g(h).
3
Suppose 9*n = 4*n + 10. Suppose v + n - 4 = 0. Let x(k) = 0*k - 20*k**v + 19*k**2 + k. Give x(3).
-6
Let r(v) = 3*v - 3. Suppose -3*h + n + 19 = -n, n = -2*h + 1. Give r(h).
6
Let s(g) be the third derivative of -g**6/360 + g**5/60 + g**4/8 + g**3/6 - 2*g**2. Let y(v) be the first derivative of s(v). Calculate y(4).
-5
Let a(u) = u + 3. Let f be a(2). Let s(c) = c**3 - 5*c**2 + 3. Determine s(f).
3
Let p(f) = f**3 - f**2 - 3*f + 3. Let u be (-7)/((-49)/(-2))*-7. Give p(u).
1
Suppose 3*b - 3 = 3*z, -2*z + 2*b + 16 = -3*z. Let u be (z/(-9))/((-4)/(-30)). Let w(y) = 5*y + 5*y**2 - y**3 - 2*y - 3*y - y + 3. Give w(u).
-2
Let i(h) = h**2 - 6*h - 3. Let z = 2 + 0. Suppose -3*d = z*d. Let s = 5 + d. Give i(s).
-8
Suppose 3*l = r + 10, -2*r + 11 = -r + 4*l. Let v(g) = -1. Let z(f) be the third derivative of f**4/24 + f**3/6 + 2*f**2. Let p(d) = r*v(d) - z(d). Give p(6).
-6
Suppose 3*c - 8*c = -2*m - 32, 5*m = -4*c + 19. Suppose c = 2*z, 4*b - 4*z - z = -3. Let k(r) = 1 + 7*r + 0 + r**2 - b*r. What is k(-4)?
1
Suppose -4*k + 2*z = -z - 12, -12 = -4*k + z. Let w(r) = 2 + 0*r - r + 0*r. Give w(k).
-1
Let j(m) = 4*m**2 - 3*m**3 - 2*m**3 + 6*m**3 + 3*m**2 + 3*m. What is j(-6)?
18
Suppose 19 = 5*r - y, 4*y = r - 2*r - 13. Let w be 2 - (r + 2*-1). Let d(c) = 1 + 0 - w - 3 - c. Calculate d(4).
-7
Let p(b) = 3*b - 4*b + 1 - 14*b**2 + 15*b**2 + 0*b. Give p(2).
3
Let v(b) be the third derivative of 7/24*b**4 + 0*b**3 + 0 + b**2 + 0*b. Suppose -77 = -69*l - 8. What is v(l)?
7
Let z be -2 + -1 + -2 + -1. Suppose -5*m = 8 - 3. Let b = z - m. Let a(x) = -2*x - 5. Give a(b).
5
Let q(b) = -5*b**3 + b. Let u be (-1)/2*54/(-3). Suppose 3*s = 4*s + 3*n - 4, u = 4*s + 5*n. Determine q(s).
-4
Let z(k) = -3*k + 1. Let l(b) = -7*b + 2. Let a(f) = 2*l(f) - 5*z(f). Let i(t) = t**2 + 2*t - 2. Let r(m) = 6*a(m) - 3*i(m). Calculate r(1).
-3
Let d(o) = -o**2 + 2*o - o - 5 - o**3 + 6. Suppose 3*l - 4 = u, 2*l - 5*u - 18 = 2. Give d(l).
1
Suppose -3*p + 7*p = 0. Let w(y) = -y**2 + y - 1. Give w(p).
-1
Let x(r) be the first derivative of -2*r**3 + r**2/2 + r - 5. Let u(y) = y**2 - 4*y - 1. Let f be u(4). Give x(f).
-6
Let x(c) = -6*c**3 + 9*c**2 - 4*c - 9. Let w(b) = -7*b**3 + 10*b**2 - 5*b - 10. Let z(o) = 5*w(o) - 6*x(o). Determine z(3).
-8
Let b(w) = w**2 - 8*w + 7. Let u(k) = -1. Let f(t) = b(t) + 4*u(t). What is f(6)?
-9
Let f(g) = g**3 - 2*g**2 + 3*g - 3. Let i = 0 + -2. Let j be 1 + -1 + 4 + i. Give f(j).
3
Let j(b) = 2*b**2 + 6*b - 6*b**3 - 9*b**2 - 5 + 7*b**3. Let r be j(6). Let p(w) = w**3 + 5*w**2 - 2. What is p(r)?
-2
Let g(w) = w**3 - w - 2*w**3 - 2 + 2 - 1. Let h be 4/(-14) - 2/(-7). Calculate g(h).
-1
Let h(c) be the first derivative of 1/3*c**3 + 1/2*c**2 - 5*c + 1. Let u(x) = -x**3 - 8*x**2 - 14*x - 12. Let t be u(-6). Calculate h(t).
-5
Let w(h) = h**3 + 5*h**2 + 3*h + 2. Let o be w(-4). Let u(s) = -s**2 + 4*s - 3. What is u(o)?
-15
Suppose 0 = -2*k - 10, 8*b - 3 = 7*b + k. Let q(w) be the first derivative of 3/2*w**2 + 1/4*w**4 + 2/3*w**3 + w - 1. Determine q(b).
-5
Let g(s) = s**2 - 2*s - 3. Let t be g(0). Let i(n) = -3*n + 2. Determine i(t).
11
Let w(z) be the first derivative of -3 + 2*z + 1/2*z**2. Give w(-6).
-4
Let p = -10 + 16. Let i(o) be the fi